6. Calculate h(-5).
-1119
Let o(n) = 2*n**3 + 4*n**2 - 24*n - 71. Calculate o(-5).
-101
Let p(y) = -14*y**2 - 72*y + 102. What is p(-6)?
30
Let x(f) = 8*f**2 + 11929*f + 71278. Determine x(-6).
-8
Let p(n) = -2618*n + 86459. Give p(33).
65
Let k(i) = 8*i**3 + 168*i**2 + 67. Give k(-21).
67
Let h(m) = 3*m**2 + 13345*m - 647491. Calculate h(48).
-19
Let k(y) = 8*y**2 + 1270*y - 5908. Give k(-163).
-366
Let o(d) = -4*d**2 - 101*d + 1124. Give o(-32).
260
Let k(r) = 24*r**2 - 97477*r + 97476. What is k(1)?
23
Let f(z) = 3*z**2 - 366*z + 1991. Give f(117).
236
Let r(k) = 2262*k - 24877. Determine r(11).
5
Let i(r) = -r**3 + 13*r**2 - 121*r + 1696. Give i(14).
-194
Let s(b) = -b**3 + 616*b**2 - 4251*b - 7461. What is s(609)?
-153
Let d(c) = -464*c**2 + 27381*c - 293. What is d(59)?
2
Let u(t) = -4*t**3 + 15*t**2 + 258*t - 7. Calculate u(-7).
294
Let s(i) = -17279*i + 32847365. Calculate s(1901).
-14
Let g(l) = -2*l**3 - 44*l**2 + 10*l + 1113. Determine g(-21).
21
Let y(o) = -47*o**3 - 2209*o**2 + 14*o + 645. What is y(-47)?
-13
Let k(n) = 2*n**3 - 209*n**2 + 5446*n - 33. Give k(55).
22
Let m(a) = -12*a**2 - 616*a - 7831. Give m(-25).
69
Let h(x) = 3564*x - 121194. What is h(34)?
-18
Let a(y) = 2913*y + 221353. Calculate a(-76).
-35
Let k(m) = 6*m**2 - 173*m + 1258. Determine k(19).
137
Let m(k) = -420*k**2 + 165*k + 21. Calculate m(1).
-234
Let l(x) = 2*x**3 - 219*x**2 - 105*x - 230. What is l(110)?
320
Let q(m) = -2*m**2 + 4319*m + 52130. What is q(-12)?
14
Let b(t) = 8*t**3 + 75*t**2 + 84*t - 23. Determine b(-8).
9
Let b(z) = z**2 + 101*z + 211. Determine b(-105).
631
Let y(k) = -3159*k + 192722. Calculate y(61).
23
Let u(x) = -11582*x + 451708. Give u(39).
10
Let i(x) = 2*x**2 + 132*x - 10242. Give i(-112).
62
Let l(y) = 48*y**2 + 2*y + 19. Give l(2).
215
Let y(t) = t**3 + 19*t**2 - 139*t - 16. Give y(6).
50
Let u(l) = l**3 - 11*l**2 - 53284*l + 586131. Calculate u(11).
7
Let a(t) = -32124*t + 192730. Determine a(6).
-14
Let o(p) = -212*p**2 + 1694*p + 16. Determine o(8).
0
Let k(o) = -122866*o - 18184163. Give k(-148).
5
Let g(v) = -9199*v - 229965. What is g(-25)?
10
Let x(h) = 22*h**3 + 1097*h**2 - 159*h - 642. Calculate x(-50).
-192
Let b(h) = 230*h**2 + 72*h - 221. Calculate b(3).
2065
Let o(z) = 1454*z**2 + 13090*z + 8. Calculate o(-9).
-28
Let t(x) = -2424*x - 33669. Calculate t(-14).
267
Let m(z) = z**2 - 78*z + 1223. What is m(48)?
-217
Let j(d) = 300*d + 5595. Determine j(-19).
-105
Let p(o) = o**2 + 706*o - 10016. Determine p(14).
64
Let q(z) = z**3 + 159*z**2 + 6310*z + 809. What is q(-84)?
-31
Let u(f) = 175*f - 3063. Give u(7).
-1838
Let i(d) = 12419*d - 12531. Calculate i(1).
-112
Let h(q) = 3*q**3 - 299*q**2 - 117*q + 1700. Calculate h(100).
0
Let s(q) = 23*q**2 - 388*q + 58. Determine s(20).
1498
Let k(b) = -6*b**2 - 39*b - 321. Give k(-7).
-342
Let m(i) = 4*i**3 - 9*i**2 - 125*i + 429. Calculate m(4).
41
Let s(o) = -4157*o + 228629. Give s(55).
-6
Let p(j) = -27*j**2 - 4871*j - 1773. Give p(-181).
-4669
Let g(p) = -7406*p + 1644141. Determine g(222).
9
Let w(i) = -2888*i + 49168. What is w(17)?
72
Let f(u) = 33050*u - 3701499. Calculate f(112).
101
Let f(i) = i**2 + 11*i - 1157. What is f(22)?
-431
Let k(i) = i**2 + 47*i - 1490. Give k(-71).
214
Let z(f) = -14*f**3 - 3*f**2 + 103*f - 119. What is z(0)?
-119
Let x(u) = 29075*u - 261696. What is x(9)?
-21
Let d(s) = -s**3 + 105*s**2 - 1553*s - 228. Calculate d(18).
6
Let d(g) = 1093*g - 120238. Give d(110).
-8
Let w(m) = -44*m**3 - 61*m**2 + 240*m + 75. Give w(4).
-2757
Let f(n) = n**3 + 15*n**2 - 1565*n - 23496. Determine f(-15).
-21
Let n(x) = -x**3 + 231*x**2 - 3020*x + 2. Determine n(14).
254
Let y(u) = 3921*u + 45230. Calculate y(-12).
-1822
Let x(t) = 2*t**2 + 53870*t - 592748. What is x(11)?
64
Let o(n) = 593*n - 202818. Determine o(342).
-12
Let k(z) = -2*z**2 + 224*z + 5016. Give k(128).
920
Let j(t) = 37*t**2 + 1138*t - 8168. Determine j(6).
-8
Let k(a) = 3047*a - 673391. Calculate k(221).
-4
Let p(b) = 24*b + 2330. Determine p(-116).
-454
Let j(y) = 59052*y - 649588. Determine j(11).
-16
Let v(i) = -58*i**2 + 1948*i - 1516. What is v(32)?
1428
Let m(k) = -k**3 + 8*k**2 + 105*k - 45. Calculate m(19).
-2021
Let v(a) = 13*a**2 + 897*a - 4535. Determine v(5).
275
Let r(l) = -l**3 + 46*l**2 + 2478*l + 1378. Give r(78).
-26
Let r(f) = -9*f**2 + 305*f + 81. What is r(29)?
1357
Let i(p) = -84411*p + 8272273. Determine i(98).
-5
Let z(y) = 24*y**2 + 165*y - 15276. Determine z(22).
-30
Let g(p) = -3*p**2 - 148631*p + 594548. Calculate g(4).
-24
Let w(g) = 99*g**2 + 4946*g + 4647. Give w(-49).
-8
Let j(s) = s**3 - 29*s**2 + 4293*s - 16759. What is j(4)?
13
Let t(p) = -3*p**2 - 431575*p - 863144. Determine t(-2).
-6
Let f(y) = -13*y**2 + 2649*y + 8692. Calculate f(207).
-2
Let i(f) = -213*f + 2401. Give i(13).
-368
Let g(r) = 3*r**2 + 548*r - 9423. Give g(16).
113
Let q(f) = -57*f**2 - 18*f + 191. Calculate q(5).
-1324
Let d(u) = -61963*u - 371771. Calculate d(-6).
7
Let y(s) = 2*s**3 - 87*s**2 - 61*s + 1032. Give y(44).
284
Let k(j) = 3339*j + 22612. Determine k(-7).
-761
Let g(y) = -2*y**3 - 5*y**2 - 421*y + 14174. Determine g(15).
-16
Let x(z) = 127*z**2 - 266*z + 22. Give x(2).
-2
Let q(k) = k**3 - 8*k**2 - 21*k + 4. What is q(13)?
576
Let q(x) = -7492*x - 101612. Determine q(-14).
3276
Let a(f) = 16611*f - 4418488. Give a(266).
38
Let z(v) = 631*v + 1578. Determine z(-4).
-946
Let m(s) = s**3 + 64*s**2 - 21*s - 6431. Give m(-63).
-1139
Let d(i) = -i**3 + 14*i**2 + 21*i - 284. Give d(6).
130
Let w(r) = 5*r**2 + 398*r - 1670. Determine w(-84).
178
Let a(j) = 8*j**3 + 4103*j**2 - 554*j - 21028. Determine a(-513).
5
Let z(o) = 1271*o - 801978. Determine z(631).
23
Let h(m) = -147*m**2 + 1644*m - 237. Calculate h(11).
60
Let d(j) = j**3 - 85*j**2 + 179*j - 1099. Calculate d(83).
-20
Let z(a) = a**2 + 146*a + 5303. Give z(-70).
-17
Let f(w) = -56*w**2 + 1750*w + 3249. What is f(33)?
15
Let i(u) = 32*u**2 + 3582*u - 304. What is i(-112)?
-80
Let t(y) = 923*y + 11586. What is t(-13)?
-413
Let z(w) = 2935*w - 290608. What is z(99)?
-43
Let f(i) = 61143*i - 122119. What is f(2)?
167
Let j(z) = 2612*z**2 - 2156*z - 2156. Give j(-1).
2612
Let d(q) = 64*q**2 - 106*q - 7855. What is d(12)?
89
Let u(y) = 3*y**2 + 2118*y - 764544. Determine u(263).
-3
Let y(c) = 606*c - 3225. What is y(5)?
-195
Let x(g) = -249*g - 16525. Give x(-67).
158
Let n(c) = 45*c**2 + 82*c - 1673. Calculate n(5).
-138
Let f(y) = y**3 + 11*y**2 - 411*y - 3874. What is f(-9)?
-13
Let f(p) = -p**2 + 205*p + 9439. Determine f(-39).
-77
Let g(f) = -f**2 - 148*f + 46518. Calculate g(-302).
10
Let h(f) = 25*f**2 + 13359*f + 13382. Calculate h(-1).
48
Let w(z) = -z**3 + 135*z**2 - 295*z + 3844. Give w(133).
-13
Let s(o) = -938*o + 510277. Calculate s(544).
5
Let i(l) = -16*l**2 + 6680*l + 20184. Calculate i(-3).
0
Let s(u) = -1126*u - 179075. What is s(-159)?
-41
Let k(f) = f**3 + 13*f**2 - 1021*f + 195. What is k(-41)?
-5012
Let j(w) = w**2 - 202*w - 57292. What is j(361)?
107
Let a(w) = -699*w - 56677. Give a(-80).
-757
Let q(t) = -14*t**2 + 606*t - 571. Give q(1).
21
Let a(s) = 19*s**3 - 834*s**2 - 81*s - 114. Give a(44).
194
Let k(v) = v**3 - 6*v**2 - 761*v + 1536. Give k(2).
-2
Let h(i) = -i**2 - 27337*i - 1037340. Determine h(-38).
22
Let r(n) = -1379*n**2 + 67570*n + 43. Give r(49).
-6
Let z(n) = 8146*n + 98124. What is z(-12)?
372
Let y(m) = 236*m**3 - 9913*m**2 + 34*m + 260. Give y(42).
-76
Let u(q) = -9*q**3 + 2*q**2 - 181*q - 1117. Determine u(-7).
3335
Let s(g) = 195*g + 5627. What is s(-34)?
-1003
Let x(z) = 547170*z - 14226424. Calculate x(26).
-4
Let p(n) = -72*n**3 + 1240*n**2 - 274*n + 53. Give p(17).
19
Let o(s) = 10*s**3 - 83*s**2 - 263*s + 1798. Calculate o(9).
-2
Let l(w) = -2243*w - 210878. Determine l(-94).
-36
Let x(u) = -21*u + 722. Calculate x(34).
8
Let t(y) = -83*y + 5009. Calculate t(70).
-801
Let r(n) = -133*n + 707. Determine r(11).
-756
Let a(u) = -155*u - 50692. What is a(-327)?
-7
Let p(i) = -3*i**2 - 91*i + 6756. Give p(-65).
-4
Let u(j) = -j**2 - 2490*j + 267082. Calculate u(103).
3
Let d(r) = 3*r**3 + 906*r**2 + 893*r - 2768. Give d(-301).
242
Let j(t) = -t**3 + 252*t**2 + 271*t + 60245. Calculate j(254).
47
Let x(m) = 149*m + 17717. Calculate x(-88).
4605
Let a(c) = -8403*c + 33631. D